{"id":1598,"date":"2022-11-19T19:41:35","date_gmt":"2022-11-19T18:41:35","guid":{"rendered":"http:\/\/location-ile-oleron.com\/?page_id=1598"},"modified":"2026-04-26T17:30:50","modified_gmt":"2026-04-26T15:30:50","slug":"maison-barbadine","status":"publish","type":"page","link":"https:\/\/location-ile-oleron.com\/index.php\/maison-barbadine\/","title":{"rendered":"maison BARBADINE"},"content":{"rendered":"\n<h1 class=\"wp-block-heading has-text-align-center has-medium-font-size\"><strong>pr\u00e8s de plages magnifiques<br>au lieu-dit Les Huttes<\/strong><br><strong>\u00e0 350 m du bord de mer<\/strong><\/h1>\n\n\n\n<ul class=\"wp-block-list\">\n<li>situ\u00e9e dans une r\u00e9sidence tr\u00e8s calme, ferm\u00e9e &amp; s\u00e9curis\u00e9<\/li>\n\n\n\n<li>d\u00e9co soign\u00e9e, tout confort<\/li>\n\n\n\n<li>jardinet fleuri bord\u00e9 de haies \u00e0 l&rsquo;avant<\/li>\n\n\n\n<li>patio clos de murs sans vis-\u00e0-vis \u00e0 l&rsquo;arri\u00e8re<\/li>\n\n\n\n<li>garage ferm\u00e9<\/li>\n\n\n\n<li>place de parking priv\u00e9<\/li>\n\n\n\n<li>local v\u00e9los<\/li>\n\n\n\n<li>environnement agr\u00e9able \u00e0 350 m de l\u2019oc\u00e9an<\/li>\n\n\n\n<li>tout pr\u00e8s de plages magnifiques bord\u00e9es de dunes sauvages et pr\u00e9serv\u00e9es<\/li>\n\n\n\n<li>pistes cyclables au pied de la r\u00e9sidence pour sillonner l&rsquo;ile<\/li>\n<\/ul>\n\n\n\n<p class=\"has-text-align-center has-medium-font-size\"><strong><em>Descriptif de la Maison :<\/em><\/strong><\/p>\n\n\n\n<div class=\"wp-block-buttons is-layout-flex wp-block-buttons-is-layout-flex\">\n<div class=\"wp-block-button is-style-outline is-style-outline--1\"><a class=\"wp-block-button__link has-medium-font-size has-custom-font-size wp-element-button\"><strong><em>au rdc<\/em><\/strong><\/a><\/div>\n<\/div>\n\n\n\n<ul class=\"wp-block-list\">\n<li>s\u00e9jour de 27 m\u00b2<\/li>\n\n\n\n<li>cuisine am\u00e9ricaine \u00e9quip\u00e9e : r\u00e9frig\u00e9rateur-cong\u00e9lateur, table de cuisson 4 feux vitroc\u00e9ram, hotte, four, micro-onde, lave-vaisselle<\/li>\n\n\n\n<li>1 chambre spacieuse <\/li>\n\n\n\n<li>1 premi\u00e8re salle d\u2019eau, WC et Lave-Linge<\/li>\n<\/ul>\n\n\n\n<div class=\"wp-block-buttons is-layout-flex wp-block-buttons-is-layout-flex\">\n<div class=\"wp-block-button is-style-outline is-style-outline--2\"><a class=\"wp-block-button__link has-medium-font-size has-custom-font-size wp-element-button\"><strong><em>\u00e0 l&rsquo;\u00e9tage<\/em><\/strong><\/a><\/div>\n<\/div>\n\n\n\n<ul class=\"wp-block-list\">\n<li>1 chambre spacieuse avec une grande armoire-penderie<\/li>\n\n\n\n<li>1 deuxi\u00e8me salle d\u2019eau et WC<\/li>\n<\/ul>\n\n\n\n<div class=\"wp-block-buttons is-layout-flex wp-block-buttons-is-layout-flex\">\n<div class=\"wp-block-button is-style-outline is-style-outline--3\"><a class=\"wp-block-button__link has-medium-font-size has-custom-font-size wp-element-button\"><strong><em>\u00e0 disposition<\/em><\/strong><\/a><\/div>\n<\/div>\n\n\n\n<ul class=\"wp-block-list\">\n<li>Box ferm\u00e9 pour 1 voiture <\/li>\n\n\n\n<li>place de Parking priv\u00e9 <\/li>\n\n\n\n<li>local \u00e0 v\u00e9los<\/li>\n<\/ul>\n\n\n\nngg_shortcode_0_placeholder\n\n\n\n<p><\/p>\n","protected":false},"excerpt":{"rendered":"<p>pr\u00e8s de plages magnifiquesau lieu-dit Les Huttes\u00e0 350 m du bord de mer Descriptif de la Maison :<\/p>\n","protected":false},"author":1,"featured_media":0,"parent":0,"menu_order":0,"comment_status":"closed","ping_status":"closed","template":"onecolumn-page.php","meta":{"om_disable_all_campaigns":false,"_uf_show_specific_survey":0,"_uf_disable_surveys":false,"ngg_post_thumbnail":0,"footnotes":""},"class_list":["post-1598","page","type-page","status-publish","hentry"],"aioseo_notices":[],"_links":{"self":[{"href":"https:\/\/location-ile-oleron.com\/index.php\/wp-json\/wp\/v2\/pages\/1598","targetHints":{"allow":["GET"]}}],"collection":[{"href":"https:\/\/location-ile-oleron.com\/index.php\/wp-json\/wp\/v2\/pages"}],"about":[{"href":"https:\/\/location-ile-oleron.com\/index.php\/wp-json\/wp\/v2\/types\/page"}],"author":[{"embeddable":true,"href":"https:\/\/location-ile-oleron.com\/index.php\/wp-json\/wp\/v2\/users\/1"}],"replies":[{"embeddable":true,"href":"https:\/\/location-ile-oleron.com\/index.php\/wp-json\/wp\/v2\/comments?post=1598"}],"version-history":[{"count":45,"href":"https:\/\/location-ile-oleron.com\/index.php\/wp-json\/wp\/v2\/pages\/1598\/revisions"}],"predecessor-version":[{"id":2343,"href":"https:\/\/location-ile-oleron.com\/index.php\/wp-json\/wp\/v2\/pages\/1598\/revisions\/2343"}],"wp:attachment":[{"href":"https:\/\/location-ile-oleron.com\/index.php\/wp-json\/wp\/v2\/media?parent=1598"}],"curies":[{"name":"wp","href":"https:\/\/api.w.org\/{rel}","templated":true}]}}

<h1 class="wp-block-heading has-text-align-center has-medium-font-size"><strong>près de plages magnifiques<br>au lieu-dit Les Huttes</strong><br><strong>à 350 m du bord de mer</strong></h1>



<ul class="wp-block-list">
<li>située dans une résidence très calme, fermée &amp; sécurisé</li>



<li>déco soignée, tout confort</li>



<li>jardinet fleuri bordé de haies à l&rsquo;avant</li>



<li>patio clos de murs sans vis-à-vis à l&rsquo;arrière</li>



<li>garage fermé</li>



<li>place de parking privé</li>



<li>local vélos</li>



<li>environnement agréable à 350 m de l’océan</li>



<li>tout près de plages magnifiques bordées de dunes sauvages et préservées</li>



<li>pistes cyclables au pied de la résidence pour sillonner l&rsquo;ile</li>
</ul>



<p class="has-text-align-center has-medium-font-size"><strong><em>Descriptif de la Maison :</em></strong></p>



<div class="wp-block-buttons is-layout-flex wp-block-buttons-is-layout-flex">
<div class="wp-block-button is-style-outline is-style-outline--1"><a class="wp-block-button__link has-medium-font-size has-custom-font-size wp-element-button"><strong><em>au rdc</em></strong></a></div>
</div>



<ul class="wp-block-list">
<li>séjour de 27 m²</li>



<li>cuisine américaine équipée : réfrigérateur-congélateur, table de cuisson 4 feux vitrocéram, hotte, four, micro-onde, lave-vaisselle</li>



<li>1 chambre spacieuse </li>



<li>1 première salle d’eau, WC et Lave-Linge</li>
</ul>



<div class="wp-block-buttons is-layout-flex wp-block-buttons-is-layout-flex">
<div class="wp-block-button is-style-outline is-style-outline--2"><a class="wp-block-button__link has-medium-font-size has-custom-font-size wp-element-button"><strong><em>à l&rsquo;étage</em></strong></a></div>
</div>



<ul class="wp-block-list">
<li>1 chambre spacieuse avec une grande armoire-penderie</li>



<li>1 deuxième salle d’eau et WC</li>
</ul>



<div class="wp-block-buttons is-layout-flex wp-block-buttons-is-layout-flex">
<div class="wp-block-button is-style-outline is-style-outline--3"><a class="wp-block-button__link has-medium-font-size has-custom-font-size wp-element-button"><strong><em>à disposition</em></strong></a></div>
</div>



<ul class="wp-block-list">
<li>Box fermé pour 1 voiture </li>



<li>place de Parking privé </li>



<li>local à vélos</li>
</ul>



ngg_shortcode_0_placeholder



<p></p>

<p>près de plages magnifiquesau lieu-dit Les Huttesà 350 m du bord de mer Descriptif de la Maison :</p>
