{"id":38,"date":"2020-06-23T02:11:10","date_gmt":"2020-06-23T00:11:10","guid":{"rendered":"http:\/\/location-ile-oleron.com\/?page_id=38"},"modified":"2025-01-04T14:05:58","modified_gmt":"2025-01-04T13:05:58","slug":"geolocalisation","status":"publish","type":"page","link":"https:\/\/location-ile-oleron.com\/index.php\/geolocalisation\/","title":{"rendered":"Localisation"},"content":{"rendered":"\n<div class=\"wp-block-columns is-layout-flex wp-container-core-columns-is-layout-9d6595d7 wp-block-columns-is-layout-flex\">\n<div class=\"wp-block-column is-layout-flow wp-block-column-is-layout-flow\" style=\"flex-basis:100%\">\n<div class=\"wp-block-columns is-layout-flex wp-container-core-columns-is-layout-9d6595d7 wp-block-columns-is-layout-flex\">\n<div class=\"wp-block-column is-layout-flow wp-block-column-is-layout-flow\" style=\"flex-basis:100%\">\n<h1 class=\"wp-block-heading has-text-align-center has-light-gray-background-color has-background has-medium-font-size\" style=\"text-transform:uppercase\"><strong><em><span style=\"color: #000000;\">nos maisons sont situ\u00e9es \u00e0 <\/span>35<span style=\"color: #000000;\">0 m de l&rsquo;Oc\u00e9an<\/span><\/em><\/strong><\/h1>\n\n\n\n<h2 class=\"wp-block-heading has-text-align-center has-medium-font-size\"><em><span style=\"color: #3366ff;\">R\u00e9sidence \u00ab\u00a0Les Villas Marines\u00a0\u00bb<\/span><\/em><br><em><span style=\"color: #3366ff;\">1, rue Ali\u00e9nor d&rsquo;Aquitaine<\/span><\/em><br><em><span style=\"color: #3366ff;\">lieu-dit Les Huttes<\/span><\/em><br><em><span style=\"color: #3366ff;\">17650 Saint Denis d&rsquo;Ol\u00e9ron<\/span><\/em><\/h2>\n\n\n\n<h3 class=\"wp-block-heading\"><strong>ACC\u00c8S :<\/strong><br>On acc\u00e8de \u00e0 l\u2019Ile d\u2019OLERON par un pont gratuit.<br>Une fois pass\u00e9 le Pont, prendre la direction Saint Pierre d\u2019Ol\u00e9ron.<br>Traverser St Pierre, St Gilles, Ch\u00e9ray et continuer en direction de St Denis d\u2019Ol\u00e9ron.<br>Au rond-point du lieu-dit La B\u00e9taudi\u00e8re, prendre la 3\u00e8me sortie Chemin Boudet, continuer jusqu&rsquo;\u00e0 la route des Huttes, prendre cette route \u00e0 gauche sur 600 m, les \u00ab\u00a0Villas Marines\u00a0\u00bb se trouvent au carrefour \u00e0 droite.<\/h3>\n\n\n\n<h3 class=\"wp-block-heading\">Coordonn\u00e9es GPS : 46\u00b000&rsquo;56&Prime;N et 1\u00b023&rsquo;35&Prime;W<\/h3>\n\n\n\n<h3 class=\"wp-block-heading\"><span style=\"color: #3366ff;\">Cliquez sur le plan d&rsquo;acc\u00e8s ci-dessous pour le grossir<\/span><\/h3>\n<\/div>\n<\/div>\n<\/div>\n<\/div>\n\n\n\n<figure class=\"wp-block-image size-large is-resized is-style-rounded\"><a href=\"http:\/\/location-ile-oleron.com\/wp-content\/uploads\/2020\/10\/aide_trajet.jpg\" target=\"_blank\" rel=\"noopener\"><img loading=\"lazy\" decoding=\"async\" width=\"1024\" height=\"740\" src=\"http:\/\/location-ile-oleron.com\/wp-content\/uploads\/2020\/10\/aide_trajet-1024x740.jpg\" alt=\"\" class=\"wp-image-419\" style=\"width:667px;height:483px\" srcset=\"https:\/\/location-ile-oleron.com\/wp-content\/uploads\/2020\/10\/aide_trajet-1024x740.jpg 1024w, https:\/\/location-ile-oleron.com\/wp-content\/uploads\/2020\/10\/aide_trajet-300x217.jpg 300w, https:\/\/location-ile-oleron.com\/wp-content\/uploads\/2020\/10\/aide_trajet-768x555.jpg 768w, https:\/\/location-ile-oleron.com\/wp-content\/uploads\/2020\/10\/aide_trajet-1536x1109.jpg 1536w, https:\/\/location-ile-oleron.com\/wp-content\/uploads\/2020\/10\/aide_trajet-2048x1479.jpg 2048w\" sizes=\"auto, (max-width: 1024px) 100vw, 1024px\" \/><\/a><\/figure>\n\n\n\n<p><\/p>\n","protected":false},"excerpt":{"rendered":"<p>nos maisons sont situ\u00e9es \u00e0 350 m de l&rsquo;Oc\u00e9an R\u00e9sidence \u00ab\u00a0Les Villas Marines\u00a0\u00bb1, rue Ali\u00e9nor d&rsquo;Aquitainelieu-dit Les Huttes17650 Saint Denis d&rsquo;Ol\u00e9ron ACC\u00c8S :On acc\u00e8de \u00e0 l\u2019Ile d\u2019OLERON par un pont gratuit.Une fois pass\u00e9 le Pont, prendre la direction Saint Pierre &hellip; <a href=\"https:\/\/location-ile-oleron.com\/index.php\/geolocalisation\/\">Continuer la lecture <span class=\"meta-nav\">&rarr;<\/span><\/a><\/p>\n","protected":false},"author":1,"featured_media":0,"parent":0,"menu_order":0,"comment_status":"closed","ping_status":"closed","template":"onecolumn-page.php","meta":{"om_disable_all_campaigns":false,"_uf_show_specific_survey":0,"_uf_disable_surveys":false,"ngg_post_thumbnail":0,"footnotes":""},"class_list":["post-38","page","type-page","status-publish","hentry"],"aioseo_notices":[],"_links":{"self":[{"href":"https:\/\/location-ile-oleron.com\/index.php\/wp-json\/wp\/v2\/pages\/38","targetHints":{"allow":["GET"]}}],"collection":[{"href":"https:\/\/location-ile-oleron.com\/index.php\/wp-json\/wp\/v2\/pages"}],"about":[{"href":"https:\/\/location-ile-oleron.com\/index.php\/wp-json\/wp\/v2\/types\/page"}],"author":[{"embeddable":true,"href":"https:\/\/location-ile-oleron.com\/index.php\/wp-json\/wp\/v2\/users\/1"}],"replies":[{"embeddable":true,"href":"https:\/\/location-ile-oleron.com\/index.php\/wp-json\/wp\/v2\/comments?post=38"}],"version-history":[{"count":57,"href":"https:\/\/location-ile-oleron.com\/index.php\/wp-json\/wp\/v2\/pages\/38\/revisions"}],"predecessor-version":[{"id":2276,"href":"https:\/\/location-ile-oleron.com\/index.php\/wp-json\/wp\/v2\/pages\/38\/revisions\/2276"}],"wp:attachment":[{"href":"https:\/\/location-ile-oleron.com\/index.php\/wp-json\/wp\/v2\/media?parent=38"}],"curies":[{"name":"wp","href":"https:\/\/api.w.org\/{rel}","templated":true}]}}